g(-23)?
-131
Let n(w) = -815*w - 47924. Calculate n(-60).
976
Let a(l) = 12*l**3 + 523*l**2 - 228*l - 271. Give a(-44).
81
Let h(g) = -11*g**2 + 806*g - 70. Determine h(73).
149
Let c(v) = 26547*v + 1247702. What is c(-47)?
-7
Let s(j) = -223156*j - 223180. What is s(-1)?
-24
Let f(m) = 240*m + 11194. Calculate f(-42).
1114
Let c(p) = -p**3 - 430*p**2 - 3775*p + 181. Give c(-9).
55
Let o(j) = j**3 - 6*j**2 + 536*j - 3813. Determine o(7).
-12
Let o(x) = -x**2 + 142*x + 1434. Give o(-12).
-414
Let v(s) = 90*s + 5364. Calculate v(-52).
684
Let j(g) = -g**2 + 71*g - 696. Determine j(13).
58
Let s(t) = t**3 - 5*t**2 - 544*t + 3726. What is s(7)?
16
Let t(m) = -229198*m + 229204. Calculate t(1).
6
Let t(u) = 4*u**3 - 32*u + 41. Calculate t(7).
1189
Let i(c) = c**3 - 54*c**2 + 161*c - 2718. Calculate i(52).
246
Let n(r) = r**2 - 595*r + 18801. What is n(34)?
-273
Let b(k) = k**2 + 232*k + 8176. Give b(-44).
-96
Let l(b) = 14*b**2 - 2212*b - 35. Give l(158).
-35
Let j(u) = 77*u + 8578. Determine j(-110).
108
Let c(f) = -4752*f**2 - 451441*f - 95. Calculate c(-95).
0
Let i(w) = -w**3 + 5*w**2 - 107*w + 388. Give i(12).
-1904
Let q(x) = x**3 - 8*x**2 - 28905*x + 86760. What is q(3)?
0
Let y(d) = -1651*d**3 - d**2 - 48*d + 48. What is y(1)?
-1652
Let i(u) = -3886*u + 14746. Determine i(4).
-798
Let p(s) = 16*s**2 - 68*s + 287. Calculate p(4).
271
Let n(m) = 535*m - 43281. Determine n(82).
589
Let j(c) = -3*c**3 + 41*c**2 + 56*c + 56. What is j(14)?
644
Let u(k) = -k**2 - 21343*k + 192164. Determine u(9).
-4
Let t(p) = p**2 - 640*p - 56981. What is t(-80)?
619
Let a(j) = -115*j**2 + 1730*j - 43. What is a(15)?
32
Let p(v) = -16*v**2 - 211*v + 13316. Give p(23).
-1
Let g(v) = 221*v**2 - 871*v - 66. Calculate g(4).
-14
Let h(w) = 19*w**3 + 665*w**2 - 7*w - 209. What is h(-35)?
36
Let h(w) = w**3 + 39*w**2 - 5321*w + 32. Determine h(56).
-24
Let j(p) = -7700*p + 477359. Calculate j(62).
-41
Let r(x) = 6*x**3 - 433*x**2 - 1320*x - 1. Give r(-3).
-100
Let t(o) = -5605*o + 11210. Calculate t(2).
0
Let f(m) = -57*m**2 - 2926*m + 5847. Give f(2).
-233
Let t(c) = -25321*c + 126534. What is t(5)?
-71
Let m(n) = -n**2 + 97*n + 5476. Calculate m(139).
-362
Let i(j) = -j**3 + 857*j**2 + 4141*j - 2081352. Give i(859).
5
Let l(j) = -3639*j - 123768. What is l(-34)?
-42
Let u(c) = -c**2 - 102223*c + 10642002. Calculate u(104).
-6
Let v(m) = m**3 + 106*m**2 - 556*m + 55. Determine v(-111).
166
Let y(k) = -k**3 - 15*k**2 + 178*k - 44. Give y(-23).
94
Let d(r) = -2*r**2 - 126*r + 427. Determine d(-51).
1651
Let v(i) = -285830*i + 42874507. Give v(150).
7
Let c(x) = -2124603*x - 8498415. Calculate c(-4).
-3
Let o(k) = 8943*k - 53575. Give o(6).
83
Let i(f) = -426*f - 7126. Give i(-15).
-736
Let d(m) = -m**3 + 201*m**2 + 9637*m + 711. Give d(241).
-12
Let u(g) = 1013*g - 12163. Calculate u(14).
2019
Let n(k) = -204*k - 26177. Give n(-130).
343
Let p(o) = 3*o**2 - 241*o + 2410. What is p(67)?
-270
Let x(b) = 11*b**3 + 2277*b**2 - 150*b - 31052. Give x(-207).
-2
Let p(x) = -x**3 - 18*x**2 - 4264*x - 54579. What is p(-13)?
8
Let v(g) = g**3 - 39*g**2 - 73*g - 77. Determine v(40).
-1397
Let t(r) = 2*r**3 - 71*r**2 + 338*r + 328. Calculate t(28).
-1968
Let g(p) = 29*p**2 - 1703*p + 8463. What is g(5)?
673
Let q(z) = 5*z**2 - 670*z - 172. Give q(127).
-4617
Let h(a) = 8134*a + 650681. Determine h(-80).
-39
Let c(r) = -6*r**3 + 43*r**2 + 63*r - 182. Determine c(8).
2
Let a(s) = -13*s**2 - 728*s - 9294. Calculate a(-21).
261
Let h(b) = 11*b**3 + 915*b**2 + 165*b - 88. What is h(-83)?
-5
Let i(w) = -w**3 + 11*w**2 + 623*w - 5758. Calculate i(9).
11
Let t(s) = -56*s - 551. Calculate t(-13).
177
Let g(k) = -k**3 + 40*k**2 + 1805*k - 70162. Give g(36).
2
Let n(v) = 54*v**3 + 1185*v**2 - 63*v - 52. Give n(-22).
-118
Let m(j) = 51055*j - 1327390. Determine m(26).
40
Let h(r) = 3*r**3 + 26*r**2 + 81*r + 586. What is h(-8)?
66
Let l(q) = -1377*q + 2678. What is l(2)?
-76
Let w(q) = 849*q - 1078. Give w(1).
-229
Let w(a) = 2881*a + 2881. What is w(-1)?
0
Let s(z) = -z**3 - 106*z**2 - 1656*z - 25. Determine s(-19).
32
Let s(c) = 2*c**3 + 169*c**2 - 118*c - 17021. Give s(-84).
-53
Let b(l) = -2*l**3 - 35*l**2 - 139*l - 548. Calculate b(-14).
26
Let i(z) = 844*z - 178134. Calculate i(211).
-50
Let w(p) = -3*p**3 - 10*p**2 - 1170*p - 3503. What is w(-3)?
-2
Let g(v) = -v**2 + 45*v - 42. Give g(-4).
-238
Let b(q) = -3*q**2 - 85*q + 11617. Calculate b(-78).
-5
Let m(c) = 384*c + 56371. What is m(-147)?
-77
Let s(u) = -40729*u - 81741. Determine s(-2).
-283
Let g(a) = -247*a + 36080. Give g(160).
-3440
Let n(q) = q**3 - 218*q**2 + 1399*q + 59003. What is n(210)?
-7
Let n(h) = 2*h**2 + 474*h - 19030. Give n(35).
10
Let b(n) = -37039*n - 222294. Determine b(-6).
-60
Let w(x) = x**3 - 42*x**2 - 73*x - 14. What is w(44)?
646
Let g(a) = -a**3 - 228*a**2 + 2368*a - 2838. Determine g(-238).
18
Let a(l) = l**3 + 146*l**2 + 339*l + 27843. Calculate a(-145).
-287
Let i(f) = 33*f**2 - 983*f - 820. Determine i(35).
5200
Let h(f) = 21469*f + 85847. What is h(-4)?
-29
Let w(a) = -4*a**3 + 306*a**2 - 19*a - 10107. What is w(76)?
1
Let i(w) = 6812*w + 251669. Give i(-37).
-375
Let k(t) = -411*t - 540. Give k(-3).
693
Let i(k) = 2*k**3 + 12*k**2 - 229*k - 1566. Calculate i(-7).
-61
Let q(m) = m**2 - 21*m - 13657. Calculate q(-107).
39
Let l(x) = -36*x**3 + 15*x**2 + 52*x - 4. Calculate l(-3).
947
Let v(m) = -m**2 + 175*m + 9091. Give v(-43).
-283
Let h(w) = w**3 - 2*w**2 - 16*w + 36. Calculate h(-5).
-59
Let s(c) = 86*c**2 + 1092*c - 282360. Determine s(-64).
8
Let m(o) = o**2 + 4612*o - 743673. Determine m(156).
135
Let b(z) = -z**3 - 18*z**2 + 2342*z + 66. Calculate b(-58).
-1210
Let y(z) = -8*z**2 - 107882*z + 107883. Calculate y(1).
-7
Let d(j) = -j**3 - 22*j**2 + 16792*j + 1847. Give d(-141).
14
Let l(v) = 4*v**3 - 75*v**2 + 3*v - 554. Calculate l(22).
5804
Let j(h) = 24*h**2 - 9405*h - 1365. Determine j(392).
-189
Let m(q) = 52*q**2 - 29482*q + 28286. Determine m(566).
-14
Let t(r) = r**3 + 3*r**2 - 60*r - 20. Give t(-13).
-930
Let j(s) = -24187*s + 290438. Give j(12).
194
Let s(a) = 3*a**2 + 4*a - 5414. Calculate s(42).
46
Let g(l) = 45*l + 1064. Determine g(-13).
479
Let l(k) = k**3 + 33*k**2 - 117*k - 365. Calculate l(-36).
-41
Let d(h) = h**2 - 32895*h + 953116. Calculate d(29).
2
Let a(g) = 300*g + 46616. Determine a(-156).
-184
Let l(u) = -u**3 - 112*u**2 + 1230*u + 1222. Give l(-122).
2
Let z(c) = -5*c**3 - 15*c**2 + 55*c + 158. Determine z(-2).
28
Let p(r) = -8*r**3 + 5*r**2 + 430*r - 895. Determine p(2).
-79
Let b(u) = 2*u**2 + 251*u + 6732. What is b(-100)?
1632
Let l(m) = 2604*m - 33913. Determine l(13).
-61
Let a(i) = 3*i**3 - 10*i**2 - 520*i + 2150. What is a(4)?
102
Let z(y) = 15376*y + 1214706. What is z(-79)?
2
Let o(c) = -c**3 + 5*c**2 - 16*c + 2986. Give o(0).
2986
Let i(y) = -2868*y - 8584. Give i(-3).
20
Let z(o) = 25*o**3 - 58*o**2 - 573*o + 112. Determine z(6).
-14
Let d(r) = -99*r**2 - 1509*r + 3033. Determine d(2).
-381
Let i(j) = 5*j**2 - 2237*j - 12862. Calculate i(453).
-178
Let l(p) = -89*p + 9756. What is l(113)?
-301
Let t(b) = -b**2 + 205*b + 56265. Determine t(-157).
-569
Let j(g) = 3343*g - 53588. Calculate j(16).
-100
Let m(z) = 2*z**2 + 57*z - 72832. Give m(177).
-85
Let z(r) = 4*r**3 + 191*r**2 - 21*r + 649. What is z(-48)?
-647
Let x(z) = 684*z - 39860. Calculate x(58).
-188
Let j(g) = -2*g**3 + 15*g**2 - 53*g + 42. Calculate j(6).
-168
Let h(a) = 563*a + 180409. Determine h(-321).
-314
Let a(h) = h**2 + 321*h + 14300. Determine a(-53).
96
Let o(m) = -3*m**2 - 176*m + 2288. Determine o(11).
-11
Let m(b) = -356*b + 19660. Give m(55).
80
Let t(a) = 5593*a + 514535. What is t(-92)?
-21
Let g(d) = -d**3 - 1396*d**2 + 29749*d + 164. Determine g(21).
-4
Let f(x) = 1023*x - 636411. Calculate f(622).
-105
Let z(k) = -4472*k - 335122. What is z(-75)?
278
Let v(u) = -308*u + 26836. Determine v(87).
40
Let k(h) = -4843*h - 62941. Determine k(-13).
18
Let w(v) = -v**2 + 488*v - 28555. Give w(420).
5
Let g(j) = -45*j**3 - 69*j**2 - 26*j + 2. Calculate g(-2).
138
Let c(j) = 5*j**2 - 3010*j + 20832. Calculate c(595).
7
Let m(h) = -h**3 + 768*h**2 + 50586*h + 1054. Determine m(-61).
17
Let v(w) = -w**2 - 21863*w - 196651. Determine v(-9).
35
Let p(d) = -6*d**3 + 9651*d**2 + 9810*d + 1